{"id":113,"date":"2016-06-28T11:06:21","date_gmt":"2016-06-28T16:06:21","guid":{"rendered":"http:\/\/www.zimmer.com.mx\/?page_id=113"},"modified":"2020-10-16T18:42:59","modified_gmt":"2020-10-16T23:42:59","slug":"productos-y-servicios","status":"publish","type":"page","link":"https:\/\/omnisource.com.mx\/prueba\/productos-y-servicios\/","title":{"rendered":"Productos y servicios"},"content":{"rendered":"<p>[vc_row full_width=\u00bbstretch_row\u00bb equal_height=\u00bbyes\u00bb css=\u00bb.vc_custom_1467132883804{padding-top: 30px !important;padding-bottom: 30px !important;background-color: #f9f9f9 !important;}\u00bb el_id=\u00bbmaterial\u00bb][vc_column width=\u00bb1\/4&#8243;]<div id=\"ultimate-heading-492569e47c3d77b9c\" class=\"uvc-heading ult-adjust-bottom-margin ultimate-heading-492569e47c3d77b9c uvc-9054 \" data-hspacer=\"line_only\"  data-halign=\"left\" style=\"text-align:left\"><div class=\"uvc-main-heading ult-responsive\"  data-ultimate-target='.uvc-heading.ultimate-heading-492569e47c3d77b9c h2'  data-responsive-json-new='{\"font-size\":\"\",\"line-height\":\"\"}' ><h2 style=\"font-family:'Oswald';font-weight:normal;font-style:normal;\">Material<\/h2><\/div><div class=\"uvc-heading-spacer line_only\" style=\"margin-bottom:30px;height:1px;\"><span class=\"uvc-headings-line\" style=\"border-style:solid;border-bottom-width:1px;border-color:#d0191b;width:60px;\"><\/span><\/div><\/div>[\/vc_column][vc_column width=\u00bb1\/4&#8243;]\n<div id=\"interactive-banner-1-wrap-6690\" class=\"ult-banner-block ult-adjust-bottom-margin ult-bb-none  banner-style11 \"   style=\"\">\n\t<img src=\"https:\/\/omnisource.com.mx\/prueba\/wp-content\/uploads\/2016\/06\/zimmer-material-metales-ferrosos.jpg\" alt=\"null\">\n\t<h3  data-ultimate-target='#interactive-banner-1-wrap-6690 .bb-top-title '  data-responsive-json-new='{\"font-size\":\"\",\"line-height\":\"\"}'  class=\"title-center bb-top-title ult-responsive\" style=\"font-weight:normal;background:#d0191b;color:#ffffff;\">Metales ferrosos<\/h3>\n\t<div class=\"mask opaque-background\" style=\"background:rgba(36,36,36,0.7);\">\n\t\t<div  data-ultimate-target='#interactive-banner-1-wrap-6690 .bb-description'  data-responsive-json-new='{\"font-size\":\"\",\"line-height\":\"\"}'  class=\"bb-description ult-responsive\" style=\"font-weight:normal;color:#ffffff;\">Placa<br \/>\nMixto<br \/>\nRebabas<br \/>\nRetorno Industrial<br \/>\n<\/div>\n\t<\/div>\n<\/div>[\/vc_column][vc_column width=\u00bb1\/4&#8243;]\n<div id=\"interactive-banner-1-wrap-1230\" class=\"ult-banner-block ult-adjust-bottom-margin ult-bb-none  banner-style11 \"   style=\"\">\n\t<img src=\"https:\/\/omnisource.com.mx\/prueba\/wp-content\/uploads\/2016\/06\/zimmer-material-metales-no-ferrosos.jpg\" alt=\"null\">\n\t<h3  data-ultimate-target='#interactive-banner-1-wrap-1230 .bb-top-title '  data-responsive-json-new='{\"font-size\":\"\",\"line-height\":\"\"}'  class=\"title-center bb-top-title ult-responsive\" style=\"font-weight:normal;background:#d0191b;color:#ffffff;\">Metales No Ferrosos<\/h3>\n\t<div class=\"mask opaque-background\" style=\"background:rgba(36,36,36,0.7);\">\n\t\t<div  data-ultimate-target='#interactive-banner-1-wrap-1230 .bb-description'  data-responsive-json-new='{\"font-size\":\"\",\"line-height\":\"\"}'  class=\"bb-description ult-responsive\" style=\"font-weight:normal;color:#ffffff;\"><br \/>\nAluminio<br \/>\nCobre<br \/>\nZinc<br \/>\nAceros inoxidables<br \/>\nBronce<br \/>\nAleaciones especiales<br \/>\n<\/div>\n\t<\/div>\n<\/div>[\/vc_column][vc_column width=\u00bb1\/4&#8243;]\n<div id=\"interactive-banner-1-wrap-4990\" class=\"ult-banner-block ult-adjust-bottom-margin ult-bb-none  banner-style11 \"   style=\"\">\n\t<img src=\"https:\/\/omnisource.com.mx\/prueba\/wp-content\/uploads\/2016\/06\/zimmer-material-otros-1.jpg\" alt=\"null\">\n\t<h3  data-ultimate-target='#interactive-banner-1-wrap-4990 .bb-top-title '  data-responsive-json-new='{\"font-size\":\"\",\"line-height\":\"\"}'  class=\"title-center bb-top-title ult-responsive\" style=\"font-weight:normal;background:#d0191b;color:#ffffff;\">Otros desperdicios<\/h3>\n\t<div class=\"mask opaque-background\" style=\"background:rgba(36,36,36,0.7);\">\n\t\t<div  data-ultimate-target='#interactive-banner-1-wrap-4990 .bb-description'  data-responsive-json-new='{\"font-size\":\"\",\"line-height\":\"\"}'  class=\"bb-description ult-responsive\" style=\"font-weight:normal;color:#ffffff;\">Madera<br \/>\nCart\u00f3n<br \/>\nPl\u00e1stico<br \/>\nBasura<br \/>\nResiduos Peligrosos<br \/>\n<\/div>\n\t<\/div>\n<\/div>[\/vc_column][\/vc_row][vc_row el_id=\u00bbservicios\u00bb][vc_column]<div id=\"ultimate-heading-815469e47c3d780d7\" class=\"uvc-heading ult-adjust-bottom-margin ultimate-heading-815469e47c3d780d7 uvc-4038 \" data-hspacer=\"line_only\"  data-halign=\"left\" style=\"text-align:left\"><div class=\"uvc-main-heading ult-responsive\"  data-ultimate-target='.uvc-heading.ultimate-heading-815469e47c3d780d7 h2'  data-responsive-json-new='{\"font-size\":\"\",\"line-height\":\"\"}' ><h2 style=\"font-family:'Oswald';font-weight:normal;font-style:normal;\">Servicios<\/h2><\/div><div class=\"uvc-heading-spacer line_only\" style=\"margin-bottom:20px;height:1px;\"><span class=\"uvc-headings-line\" style=\"border-style:solid;border-bottom-width:1px;border-color:#d0191b;width:60px;\"><\/span><\/div><\/div>[\/vc_column][vc_column width=\u00bb1\/2&#8243;][vc_single_image image=\u00bb121&#8243; img_size=\u00bbfull\u00bb alignment=\u00bbcenter\u00bb]<div id=\"ultimate-heading-967669e47c3d780fc\" class=\"uvc-heading ult-adjust-bottom-margin ultimate-heading-967669e47c3d780fc uvc-4375 \" data-hspacer=\"line_only\"  data-halign=\"left\" style=\"text-align:left\"><div class=\"uvc-main-heading ult-responsive\"  data-ultimate-target='.uvc-heading.ultimate-heading-967669e47c3d780fc h2'  data-responsive-json-new='{\"font-size\":\"\",\"line-height\":\"\"}' ><h2 style=\"font-family:'Oswald';font-weight:normal;font-style:normal;\">Compra y reciclaje de desperdicios <\/h2><\/div><div class=\"uvc-heading-spacer line_only\" style=\"margin-bottom:30px;height:1px;\"><span class=\"uvc-headings-line\" style=\"border-style:solid;border-bottom-width:1px;border-color:#d0191b;width:60px;\"><\/span><\/div><\/div>[vc_column_text]Ofrecemos a nuestros clientes la compra, recolecci\u00f3n y\u00a0 reciclaje de todos sus desperdicios industriales[\/vc_column_text][\/vc_column][vc_column width=\u00bb1\/2&#8243;][vc_single_image image=\u00bb120&#8243; img_size=\u00bbfull\u00bb alignment=\u00bbcenter\u00bb]<div id=\"ultimate-heading-39069e47c3d7811b\" class=\"uvc-heading ult-adjust-bottom-margin ultimate-heading-39069e47c3d7811b uvc-2123 \" data-hspacer=\"line_only\"  data-halign=\"left\" style=\"text-align:left\"><div class=\"uvc-main-heading ult-responsive\"  data-ultimate-target='.uvc-heading.ultimate-heading-39069e47c3d7811b h2'  data-responsive-json-new='{\"font-size\":\"\",\"line-height\":\"\"}' ><h2 style=\"font-family:'Oswald';font-weight:normal;font-style:normal;\">Servicio Integral <\/h2><\/div><div class=\"uvc-heading-spacer line_only\" style=\"margin-bottom:30px;height:1px;\"><span class=\"uvc-headings-line\" style=\"border-style:solid;border-bottom-width:1px;border-color:#d0191b;width:60px;\"><\/span><\/div><\/div>[vc_column_text]Administramos integralmente sus desperdicios, proponiendo un servicio a la medida que puede incluir personal en planta, equipo, manejo de basura y residuos peligrosos.<\/p>\n<p>Realizaci\u00f3n de programas de mejora continua en el \u00e1rea de desperdicios que permita una mejor organizaci\u00f3n, manejo y reciclaje del scrap con los m\u00e1s altos est\u00e1ndares y normas de calidad.[\/vc_column_text][\/vc_column][\/vc_row][vc_row content_placement=\u00bbmiddle\u00bb el_id=\u00bbequipo\u00bb][vc_column width=\u00bb1\/3&#8243;]<div id=\"ultimate-heading-173769e47c3d78138\" class=\"uvc-heading ult-adjust-bottom-margin ultimate-heading-173769e47c3d78138 uvc-3450 \" data-hspacer=\"line_only\"  data-halign=\"left\" style=\"text-align:left\"><div class=\"uvc-main-heading ult-responsive\"  data-ultimate-target='.uvc-heading.ultimate-heading-173769e47c3d78138 h2'  data-responsive-json-new='{\"font-size\":\"\",\"line-height\":\"\"}' ><h2 style=\"font-family:'Oswald';font-weight:normal;font-style:normal;\">Equipo<\/h2><\/div><div class=\"uvc-heading-spacer line_only\" style=\"margin-bottom:30px;height:1px;\"><span class=\"uvc-headings-line\" style=\"border-style:solid;border-bottom-width:1px;border-color:#d0191b;width:60px;\"><\/span><\/div><\/div>[vc_single_image image=\u00bb118&#8243; img_size=\u00bbfull\u00bb alignment=\u00bbcenter\u00bb][\/vc_column][vc_column width=\u00bb2\/3&#8243;][vc_column_text]Equipo a la medida en base a las necesidades del cliente[\/vc_column_text][vc_gallery type=\u00bbimage_grid\u00bb images=\u00bb78,79,282,52&#8243; img_size=\u00bb100&#215;100&#8243;][\/vc_column][\/vc_row][vc_row][vc_column]<div id=\"ultimate-heading-214169e47c3d78155\" class=\"uvc-heading ult-adjust-bottom-margin ultimate-heading-214169e47c3d78155 uvc-3153 \" data-hspacer=\"line_only\"  data-halign=\"left\" style=\"text-align:left\"><div class=\"uvc-main-heading ult-responsive\"  data-ultimate-target='.uvc-heading.ultimate-heading-214169e47c3d78155 h2'  data-responsive-json-new='{\"font-size\":\"\",\"line-height\":\"\"}' ><h2 style=\"font-family:'Oswald';font-weight:normal;font-style:normal;\">Fotogaler\u00eda<\/h2><\/div><div class=\"uvc-heading-spacer line_only\" style=\"margin-bottom:30px;height:1px;\"><span class=\"uvc-headings-line\" style=\"border-style:solid;border-bottom-width:1px;border-color:#d0191b;width:60px;\"><\/span><\/div><\/div>[vc_gallery type=\u00bbimage_grid\u00bb images=\u00bb235,236,237,238,239,240,241,242,243,244,245,246,247,248,249,250,251,252,253,254,255,256,257,258,259,260,261,262,263,264,265,266&#8243; img_size=\u00bb100&#215;100&#8243;][\/vc_column][\/vc_row]<\/p>\n","protected":false},"excerpt":{"rendered":"<p>[vc_row full_width=\u00bbstretch_row\u00bb equal_height=\u00bbyes\u00bb css=\u00bb.vc_custom_1467132883804{padding-top: 30px !important;padding-bottom: 30px !important;background-color: #f9f9f9 !important;}\u00bb el_id=\u00bbmaterial\u00bb][vc_column width=\u00bb1\/4&#8243;][\/vc_column][vc_column width=\u00bb1\/4&#8243;][\/vc_column][vc_column width=\u00bb1\/4&#8243;][\/vc_column][vc_column width=\u00bb1\/4&#8243;][\/vc_column][\/vc_row][vc_row&#8230;<\/p>\n","protected":false},"author":2,"featured_media":0,"parent":0,"menu_order":0,"comment_status":"closed","ping_status":"closed","template":"","meta":[],"_links":{"self":[{"href":"https:\/\/omnisource.com.mx\/prueba\/wp-json\/wp\/v2\/pages\/113"}],"collection":[{"href":"https:\/\/omnisource.com.mx\/prueba\/wp-json\/wp\/v2\/pages"}],"about":[{"href":"https:\/\/omnisource.com.mx\/prueba\/wp-json\/wp\/v2\/types\/page"}],"author":[{"embeddable":true,"href":"https:\/\/omnisource.com.mx\/prueba\/wp-json\/wp\/v2\/users\/2"}],"replies":[{"embeddable":true,"href":"https:\/\/omnisource.com.mx\/prueba\/wp-json\/wp\/v2\/comments?post=113"}],"version-history":[{"count":29,"href":"https:\/\/omnisource.com.mx\/prueba\/wp-json\/wp\/v2\/pages\/113\/revisions"}],"predecessor-version":[{"id":539,"href":"https:\/\/omnisource.com.mx\/prueba\/wp-json\/wp\/v2\/pages\/113\/revisions\/539"}],"wp:attachment":[{"href":"https:\/\/omnisource.com.mx\/prueba\/wp-json\/wp\/v2\/media?parent=113"}],"curies":[{"name":"wp","href":"https:\/\/api.w.org\/{rel}","templated":true}]}}